Dec 02 16:07:55.125 INFO testing sophia-0.1.0 against master#8940af3cea4a9a9deabcaf843b2f8cad9a83fc61 for beta-1.31-5
Dec 02 16:07:55.125 INFO running `"docker" "create" "-v" "/mnt/big/crater/work/local/target-dirs/beta-1.31-5/worker-4/master#8940af3cea4a9a9deabcaf843b2f8cad9a83fc61:/target:rw,Z" "-v" "/mnt/big/crater/work/local/test-source/worker-4/beta-1.31-5/master#8940af3cea4a9a9deabcaf843b2f8cad9a83fc61:/source:ro,Z" "-v" "/mnt/big/crater/work/local/cargo-home:/cargo-home:ro,Z" "-v" "/mnt/big/crater/work/local/rustup-home:/rustup-home:ro,Z" "-e" "USER_ID=1000" "-e" "SOURCE_DIR=/source" "-e" "USER_ID=1000" "-e" "CMD=cargo +8940af3cea4a9a9deabcaf843b2f8cad9a83fc61-alt build --frozen" "-e" "CARGO_TARGET_DIR=/target" "-e" "CARGO_INCREMENTAL=0" "-e" "RUST_BACKTRACE=full" "-e" "RUSTFLAGS=--cap-lints=warn" "-e" "CARGO_HOME=/cargo-home" "-e" "RUSTUP_HOME=/rustup-home" "-m" "1536M" "--network" "none" "crater"`
Dec 02 16:07:55.483 INFO [stdout] 39a13654395a54616fd419f03226cad08d66290872b51334a67e934a327e0504
Dec 02 16:07:55.485 INFO running `"docker" "start" "-a" "39a13654395a54616fd419f03226cad08d66290872b51334a67e934a327e0504"`
Dec 02 16:07:56.122 INFO [stderr] usermod: no changes
Dec 02 16:07:56.243 INFO [stderr]    Compiling weak-table v0.2.3
Dec 02 16:07:56.244 INFO [stderr]    Compiling resiter v0.2.0
Dec 02 16:07:56.244 INFO [stderr]    Compiling peg v0.5.7
Dec 02 16:08:01.160 INFO [stderr]    Compiling language-tag v0.9.0
Dec 02 16:08:04.109 INFO [stderr]    Compiling sophia v0.1.0 (/source)
Dec 02 16:08:17.507 INFO [stderr]     Finished dev [unoptimized + debuginfo] target(s) in 21.36s
Dec 02 16:08:17.515 INFO [stderr] su: No module specific data is present
Dec 02 16:08:18.057 INFO running `"docker" "inspect" "39a13654395a54616fd419f03226cad08d66290872b51334a67e934a327e0504"`
Dec 02 16:08:18.307 INFO running `"docker" "rm" "-f" "39a13654395a54616fd419f03226cad08d66290872b51334a67e934a327e0504"`
Dec 02 16:08:18.643 INFO [stdout] 39a13654395a54616fd419f03226cad08d66290872b51334a67e934a327e0504
Dec 02 16:08:18.645 INFO running `"docker" "create" "-v" "/mnt/big/crater/work/local/target-dirs/beta-1.31-5/worker-4/master#8940af3cea4a9a9deabcaf843b2f8cad9a83fc61:/target:rw,Z" "-v" "/mnt/big/crater/work/local/test-source/worker-4/beta-1.31-5/master#8940af3cea4a9a9deabcaf843b2f8cad9a83fc61:/source:ro,Z" "-v" "/mnt/big/crater/work/local/cargo-home:/cargo-home:ro,Z" "-v" "/mnt/big/crater/work/local/rustup-home:/rustup-home:ro,Z" "-e" "USER_ID=1000" "-e" "SOURCE_DIR=/source" "-e" "USER_ID=1000" "-e" "CMD=cargo +8940af3cea4a9a9deabcaf843b2f8cad9a83fc61-alt test --frozen --no-run" "-e" "CARGO_TARGET_DIR=/target" "-e" "CARGO_INCREMENTAL=0" "-e" "RUST_BACKTRACE=full" "-e" "RUSTFLAGS=--cap-lints=warn" "-e" "CARGO_HOME=/cargo-home" "-e" "RUSTUP_HOME=/rustup-home" "-m" "1536M" "--network" "none" "crater"`
Dec 02 16:08:19.053 INFO [stdout] 431a20921d52adfe35f96f241f17d30de07bf25ed656555a23fa48bb3888aab8
Dec 02 16:08:19.059 INFO running `"docker" "start" "-a" "431a20921d52adfe35f96f241f17d30de07bf25ed656555a23fa48bb3888aab8"`
Dec 02 16:08:20.527 INFO [stderr] usermod: no changes
Dec 02 16:08:20.707 INFO [stderr]    Compiling sophia v0.1.0 (/source)
Dec 02 16:08:39.503 INFO [stderr]     Finished dev [unoptimized + debuginfo] target(s) in 18.95s
Dec 02 16:08:39.510 INFO [stderr] su: No module specific data is present
Dec 02 16:08:40.201 INFO running `"docker" "inspect" "431a20921d52adfe35f96f241f17d30de07bf25ed656555a23fa48bb3888aab8"`
Dec 02 16:08:40.485 INFO running `"docker" "rm" "-f" "431a20921d52adfe35f96f241f17d30de07bf25ed656555a23fa48bb3888aab8"`
Dec 02 16:08:40.763 INFO [stdout] 431a20921d52adfe35f96f241f17d30de07bf25ed656555a23fa48bb3888aab8
Dec 02 16:08:40.773 INFO running `"docker" "create" "-v" "/mnt/big/crater/work/local/target-dirs/beta-1.31-5/worker-4/master#8940af3cea4a9a9deabcaf843b2f8cad9a83fc61:/target:rw,Z" "-v" "/mnt/big/crater/work/local/test-source/worker-4/beta-1.31-5/master#8940af3cea4a9a9deabcaf843b2f8cad9a83fc61:/source:ro,Z" "-v" "/mnt/big/crater/work/local/cargo-home:/cargo-home:ro,Z" "-v" "/mnt/big/crater/work/local/rustup-home:/rustup-home:ro,Z" "-e" "USER_ID=1000" "-e" "SOURCE_DIR=/source" "-e" "USER_ID=1000" "-e" "CMD=cargo +8940af3cea4a9a9deabcaf843b2f8cad9a83fc61-alt test --frozen" "-e" "CARGO_TARGET_DIR=/target" "-e" "CARGO_INCREMENTAL=0" "-e" "RUST_BACKTRACE=full" "-e" "RUSTFLAGS=--cap-lints=warn" "-e" "CARGO_HOME=/cargo-home" "-e" "RUSTUP_HOME=/rustup-home" "-m" "1536M" "--network" "none" "crater"`
Dec 02 16:08:41.349 INFO [stdout] 19664ffb173e84be7d74b1b21b338803c5f7893492fd94fe2d7244f395c92abc
Dec 02 16:08:41.351 INFO running `"docker" "start" "-a" "19664ffb173e84be7d74b1b21b338803c5f7893492fd94fe2d7244f395c92abc"`
Dec 02 16:08:42.363 INFO [stderr] usermod: no changes
Dec 02 16:08:42.467 INFO [stderr]     Finished dev [unoptimized + debuginfo] target(s) in 0.07s
Dec 02 16:08:42.481 INFO [stderr]      Running /target/debug/deps/sophia-dadf190d830b4c5f
Dec 02 16:08:42.491 INFO [stdout] 
Dec 02 16:08:42.491 INFO [stdout] running 132 tests
Dec 02 16:08:42.543 INFO [stdout] test graph::inmem::ops_wrapper::test::test_iter_for_so ... ok
Dec 02 16:08:42.549 INFO [stdout] test graph::inmem::ops_wrapper::test::test_iter_for_p ... ok
Dec 02 16:08:42.549 INFO [stdout] test graph::inmem::ops_wrapper::test::test_iter_for_o ... ok
Dec 02 16:08:42.555 INFO [stdout] test graph::inmem::ops_wrapper::test::test_iter_for_po ... ok
Dec 02 16:08:42.558 INFO [stdout] test graph::inmem::ops_wrapper::test::test_iter_for_sp ... ok
Dec 02 16:08:42.563 INFO [stdout] test graph::inmem::ops_wrapper::test::test_iter_for_s ... ok
Dec 02 16:08:42.563 INFO [stdout] test graph::inmem::ops_wrapper::test::test_iter ... ok
Dec 02 16:08:42.563 INFO [stdout] test graph::inmem::ops_wrapper::test::test_contains ... ok
Dec 02 16:08:42.563 INFO [stdout] test graph::inmem::ops_wrapper::test::test_iter_for_spo ... ok
Dec 02 16:08:42.563 INFO [stdout] test graph::inmem::ops_wrapper::test::test_simple_mutations ... ok
Dec 02 16:08:42.570 INFO [stdout] test graph::inmem::small::test_fastg::test_contains ... ok
Dec 02 16:08:42.570 INFO [stdout] test graph::inmem::small::test_fastg::test_iter_for_p ... ok
Dec 02 16:08:42.575 INFO [stdout] test graph::inmem::small::test_fastg::test_iter ... ok
Dec 02 16:08:42.575 INFO [stdout] test graph::inmem::small::test_fastg::test_iter_for_o ... ok
Dec 02 16:08:42.575 INFO [stdout] test graph::inmem::small::test_fastg::test_iter_for_so ... ok
Dec 02 16:08:42.575 INFO [stdout] test graph::inmem::small::test_fastg::test_no_duplicate ... ok
Dec 02 16:08:42.583 INFO [stdout] test graph::inmem::small::test_lightg::test_contains ... ok
Dec 02 16:08:42.583 INFO [stdout] test graph::inmem::small::test_fastg::test_iter_for_sp ... ok
Dec 02 16:08:42.583 INFO [stdout] test graph::inmem::small::test_fastg::test_iter_for_s ... ok
Dec 02 16:08:42.583 INFO [stdout] test graph::inmem::ops_wrapper::test::test_no_duplicate ... ok
Dec 02 16:08:42.583 INFO [stdout] test graph::inmem::small::test_fastg::test_iter_for_spo ... ok
Dec 02 16:08:42.583 INFO [stdout] test graph::inmem::small::test_fastg::test_iter_for_po ... ok
Dec 02 16:08:42.583 INFO [stdout] test graph::inmem::small::test_fastg::test_simple_mutations ... ok
Dec 02 16:08:42.583 INFO [stdout] test graph::inmem::small::test_lightg::test_iter_for_o ... ok
Dec 02 16:08:42.583 INFO [stdout] test graph::inmem::small::test_lightg::test_iter ... ok
Dec 02 16:08:42.583 INFO [stdout] test graph::inmem::small::test_lightg::test_iter_for_p ... ok
Dec 02 16:08:42.583 INFO [stdout] test graph::inmem::small::test_lightg::test_iter_for_spo ... ok
Dec 02 16:08:42.583 INFO [stdout] test graph::inmem::small::test_lightg::test_no_duplicate ... ok
Dec 02 16:08:42.583 INFO [stdout] test graph::inmem::small::test_lightg::test_iter_for_s ... ok
Dec 02 16:08:42.583 INFO [stdout] test graph::inmem::small::test_lightg::test_simple_mutations ... ok
Dec 02 16:08:42.591 INFO [stdout] test graph::inmem::small::test_lightg::test_iter_for_po ... ok
Dec 02 16:08:42.603 INFO [stdout] test graph::inmem::small::test_lightg::test_iter_for_so ... ok
Dec 02 16:08:42.603 INFO [stdout] test graph::inmem::small::test_lightg::test_iter_for_sp ... ok
Dec 02 16:08:42.603 INFO [stdout] test graph::inmem::spo_wrapper::test::test_iter_for_p ... ok
Dec 02 16:08:42.603 INFO [stdout] test graph::inmem::spo_wrapper::test::test_iter_for_po ... ok
Dec 02 16:08:42.603 INFO [stdout] test graph::inmem::spo_wrapper::test::test_iter_for_o ... ok
Dec 02 16:08:42.603 INFO [stdout] test graph::inmem::spo_wrapper::test::test_iter_for_s ... ok
Dec 02 16:08:42.603 INFO [stdout] test graph::inmem::spo_wrapper::test::test_no_duplicate ... ok
Dec 02 16:08:42.603 INFO [stdout] test graph::inmem::spo_wrapper::test::test_simple_mutations ... ok
Dec 02 16:08:42.603 INFO [stdout] test graph::inmem::spo_wrapper::test::test_iter_for_spo ... ok
Dec 02 16:08:42.603 INFO [stdout] test graph::inmem::sync::test_fastg::test_contains ... ok
Dec 02 16:08:42.605 INFO [stdout] test graph::inmem::spo_wrapper::test::test_contains ... ok
Dec 02 16:08:42.615 INFO [stdout] test graph::inmem::sync::test_fastg::test_iter_for_p ... ok
Dec 02 16:08:42.615 INFO [stdout] test graph::inmem::sync::test_fastg::test_iter_for_po ... ok
Dec 02 16:08:42.615 INFO [stdout] test graph::inmem::sync::test_fastg::test_iter_for_o ... ok
Dec 02 16:08:42.615 INFO [stdout] test graph::inmem::spo_wrapper::test::test_iter ... ok
Dec 02 16:08:42.615 INFO [stdout] test graph::inmem::spo_wrapper::test::test_iter_for_sp ... ok
Dec 02 16:08:42.615 INFO [stdout] test graph::inmem::sync::test_fastg::test_simple_mutations ... ok
Dec 02 16:08:42.615 INFO [stdout] test graph::inmem::sync::test_fastg::test_iter_for_sp ... ok
Dec 02 16:08:42.615 INFO [stdout] test graph::inmem::sync::test_fastg::test_no_duplicate ... ok
Dec 02 16:08:42.615 INFO [stdout] test graph::inmem::sync::test_fastg::test_iter_for_so ... ok
Dec 02 16:08:42.615 INFO [stdout] test graph::inmem::sync::test_fastg::test_iter_for_s ... ok
Dec 02 16:08:42.623 INFO [stdout] test graph::inmem::sync::test_lightg::test_iter_for_p ... ok
Dec 02 16:08:42.655 INFO [stdout] test graph::inmem::sync::test_lightg::test_iter_for_po ... ok
Dec 02 16:08:42.655 INFO [stdout] test graph::inmem::sync::test_lightg::test_iter_for_s ... ok
Dec 02 16:08:42.655 INFO [stdout] test graph::inmem::sync::test_lightg::test_contains ... ok
Dec 02 16:08:42.655 INFO [stdout] test graph::inmem::sync::test_lightg::test_iter_for_o ... ok
Dec 02 16:08:42.655 INFO [stdout] test graph::inmem::sync::test_fastg::test_iter ... ok
Dec 02 16:08:42.655 INFO [stdout] test graph::inmem::sync::test_fastg::test_iter_for_spo ... ok
Dec 02 16:08:42.655 INFO [stdout] test graph::inmem::sync::test_lightg::test_iter ... ok
Dec 02 16:08:42.655 INFO [stdout] test graph::inmem::spo_wrapper::test::test_iter_for_so ... ok
Dec 02 16:08:42.655 INFO [stdout] test graph::inmem::sync::test_lightg::test_iter_for_so ... ok
Dec 02 16:08:42.655 INFO [stdout] test graph::inmem::sync::test_lightg::test_iter_for_sp ... ok
Dec 02 16:08:42.655 INFO [stdout] test graph::inmem::sync::test_lightg::test_no_duplicate ... ok
Dec 02 16:08:42.655 INFO [stdout] test graph::inmem::sync::test_lightg::test_simple_mutations ... ok
Dec 02 16:08:42.655 INFO [stdout] test graph::inmem::sync::test_lightg::test_iter_for_spo ... ok
Dec 02 16:08:42.659 INFO [stdout] test graph::inmem::term_index_u::test_term_index ... ok
Dec 02 16:08:42.659 INFO [stdout] test graph::inmem::test_fastg::test_contains ... ok
Dec 02 16:08:42.659 INFO [stdout] test graph::inmem::test_fastg::test_iter_for_o ... ok
Dec 02 16:08:42.659 INFO [stdout] test graph::inmem::test_fastg::test_iter_for_so ... ok
Dec 02 16:08:42.659 INFO [stdout] test graph::inmem::test_fastg::test_iter_for_spo ... ok
Dec 02 16:08:42.659 INFO [stdout] test graph::inmem::test_fastg::test_iter ... ok
Dec 02 16:08:42.659 INFO [stdout] test graph::inmem::test_fastg::test_iter_for_sp ... ok
Dec 02 16:08:42.659 INFO [stdout] test graph::inmem::test_fastg::test_no_duplicate ... ok
Dec 02 16:08:42.659 INFO [stdout] test graph::inmem::test_lightg::test_iter_for_o ... ok
Dec 02 16:08:42.663 INFO [stdout] test graph::inmem::test_lightg::test_iter_for_po ... ok
Dec 02 16:08:42.663 INFO [stdout] test graph::inmem::test_fastg::test_simple_mutations ... ok
Dec 02 16:08:42.663 INFO [stdout] test graph::inmem::test_lightg::test_contains ... ok
Dec 02 16:08:42.664 INFO [stdout] test graph::inmem::test_lightg::test_iter ... ok
Dec 02 16:08:42.671 INFO [stdout] test graph::inmem::test_lightg::test_iter_for_sp ... ok
Dec 02 16:08:42.671 INFO [stdout] test graph::inmem::test_lightg::test_iter_for_p ... ok
Dec 02 16:08:42.671 INFO [stdout] test graph::inmem::test_lightg::test_iter_for_so ... ok
Dec 02 16:08:42.671 INFO [stdout] test graph::inmem::test_lightg::test_iter_for_spo ... ok
Dec 02 16:08:42.675 INFO [stdout] test parsers::common::test::unescape_char_ ... ok
Dec 02 16:08:42.683 INFO [stdout] test graph::inmem::test_fastg::test_iter_for_p ... ok
Dec 02 16:08:42.683 INFO [stdout] test graph::inmem::test_lightg::test_simple_mutations ... ok
Dec 02 16:08:42.683 INFO [stdout] test graph::inmem::test_lightg::test_iter_for_s ... ok
Dec 02 16:08:42.692 INFO [stdout] test graph::inmem::test_fastg::test_iter_for_po ... ok
Dec 02 16:08:42.699 INFO [stdout] test graph::inmem::test_lightg::test_no_duplicate ... ok
Dec 02 16:08:42.699 INFO [stdout] test parsers::common::test::unescape_str_ ... ok
Dec 02 16:08:42.699 INFO [stdout] test graph::inmem::test_fastg::test_iter_for_s ... ok
Dec 02 16:08:42.699 INFO [stdout] test parsers::nt::test::echar ... ok
Dec 02 16:08:42.699 INFO [stdout] test parsers::nt::test::blank_node_label ... ok
Dec 02 16:08:42.703 INFO [stdout] test parsers::nt::test::iriref ... ok
Dec 02 16:08:42.715 INFO [stdout] test parsers::nt::test::langtag ... ok
Dec 02 16:08:42.715 INFO [stdout] test parsers::nt::test::spurious_tail ... ok
Dec 02 16:08:42.731 INFO [stdout] test parsers::nt::test::string_literal_inner ... ok
Dec 02 16:08:42.731 INFO [stdout] test parsers::nt::test::strict_parse_read_refuses_generalized ... ok
Dec 02 16:08:42.731 INFO [stdout] test parsers::nt::test::strict_parse_str_refuses_generalized ... ok
Dec 02 16:08:42.749 INFO [stdout] test parsers::nt::test::uchar ... ok
Dec 02 16:08:42.749 INFO [stdout] test parsers::nt::test::variable ... ok
Dec 02 16:08:42.749 INFO [stdout] test serializers::nt::test::bnode_nice ... ok
Dec 02 16:08:42.751 INFO [stdout] test parsers::nt::test::strict_parse_read ... ok
Dec 02 16:08:42.756 INFO [stdout] test serializers::nt::test::bnode_naughty ... ok
Dec 02 16:08:42.763 INFO [stdout] test parsers::nt::test::strict_parse_str ... ok
Dec 02 16:08:42.777 INFO [stdout] test serializers::nt::test::graph ... ok
Dec 02 16:08:42.777 INFO [stdout] test serializers::nt::test::iri2_ ... ok
Dec 02 16:08:42.777 INFO [stdout] test serializers::nt::test::iri_ ... ok
Dec 02 16:08:42.777 INFO [stdout] test serializers::nt::test::iri_with_non_ascii ... ok
Dec 02 16:08:42.777 INFO [stdout] test serializers::nt::test::literal_string ... ok
Dec 02 16:08:42.777 INFO [stdout] test serializers::nt::test::literal_lang_ ... ok
Dec 02 16:08:42.787 INFO [stdout] test serializers::nt::test::literal_with_escapes ... ok
Dec 02 16:08:42.787 INFO [stdout] test serializers::nt::test::literal_integer ... ok
Dec 02 16:08:42.787 INFO [stdout] test term::iri_rfc3987::test::negative ... ok
Dec 02 16:08:42.787 INFO [stdout] test serializers::nt::test::literal_with_non_ascii ... ok
Dec 02 16:08:42.799 INFO [stdout] test term::iri_rfc3987::test::positive ... ok
Dec 02 16:08:42.811 INFO [stdout] test term::test::bnode_id_deref ... ok
Dec 02 16:08:42.811 INFO [stdout] test term::iri_rfc3987::test::relative ... ok
Dec 02 16:08:42.814 INFO [stdout] test term::test::bnode_id_eq_str ... ok
Dec 02 16:08:42.827 INFO [stdout] test term::iri_rfc3987::test::regex_abs ... ok
Dec 02 16:08:42.846 INFO [stdout] test term::test::bnode_is_n3 ... ok
Dec 02 16:08:42.855 INFO [stdout] test term::test::iri_eq_different_holders ... ok
Dec 02 16:08:42.855 INFO [stdout] test term::test::iri_normalized_last_hash_or_slash ... ok
Dec 02 16:08:42.867 INFO [stdout] test term::test::iri_normalized_no_suffix ... ok
Dec 02 16:08:42.877 INFO [stdout] test term::iri_rfc3987::test::regex_rel ... ok
Dec 02 16:08:42.877 INFO [stdout] test parsers::nt::test::default_parse_read ... ok
Dec 02 16:08:42.885 INFO [stdout] test parsers::nt::test::default_parse_str ... ok
Dec 02 16:08:42.885 INFO [stdout] test term::test::iri2 ... ok
Dec 02 16:08:42.885 INFO [stdout] test term::test::iri ... ok
Dec 02 16:08:42.895 INFO [stdout] test term::test::variable ... ok
Dec 02 16:08:42.907 INFO [stdout] test parsers::nt::test::w3c_test_suite ... FAILED
Dec 02 16:08:42.912 INFO [stdout] test parsers::nt::test::w3c_test_suite_generalized ... FAILED
Dec 02 16:08:42.912 INFO [stdout] 
Dec 02 16:08:42.912 INFO [stdout] failures:
Dec 02 16:08:42.912 INFO [stdout] 
Dec 02 16:08:42.912 INFO [stdout] ---- parsers::nt::test::w3c_test_suite stdout ----
Dec 02 16:08:42.912 INFO [stdout] thread 'parsers::nt::test::w3c_test_suite' panicked at 'rdf-tests not found, can not check W3C test-suite', src/parsers/nt.rs:509:17
Dec 02 16:08:42.912 INFO [stdout] stack backtrace:
Dec 02 16:08:42.912 INFO [stdout]    0:     0x55d7b743271f - std::sys::unix::backtrace::tracing::imp::unwind_backtrace::h3a8b83e1922cbdde
Dec 02 16:08:42.912 INFO [stdout]                                at libstd/sys/unix/backtrace/tracing/gcc_s.rs:49
Dec 02 16:08:42.913 INFO [stdout]    1:     0x55d7b743b807 - std::sys_common::backtrace::print::h00d3155a29b4020f
Dec 02 16:08:42.913 INFO [stdout]                                at libstd/sys_common/backtrace.rs:71
Dec 02 16:08:42.913 INFO [stdout]                                at libstd/sys_common/backtrace.rs:59
Dec 02 16:08:42.913 INFO [stdout]    2:     0x55d7b74364ef - std::panicking::default_hook::{{closure}}::hd7465c742e79e1bb
Dec 02 16:08:42.913 INFO [stdout]                                at libstd/panicking.rs:211
Dec 02 16:08:42.913 INFO [stdout]    3:     0x55d7b74361ee - std::panicking::default_hook::h9e3966f2aa2a6e12
Dec 02 16:08:42.913 INFO [stdout]                                at libstd/panicking.rs:221
Dec 02 16:08:42.913 INFO [stdout]    4:     0x55d7b7436bce - std::panicking::rust_panic_with_hook::h587f091ae747d080
Dec 02 16:08:42.913 INFO [stdout]                                at libstd/panicking.rs:476
Dec 02 16:08:42.913 INFO [stdout]    5:     0x55d7b740b567 - std::panicking::begin_panic::h268258cb44f94ef4
Dec 02 16:08:42.913 INFO [stdout]                                at libstd/panicking.rs:410
Dec 02 16:08:42.913 INFO [stdout]    6:     0x55d7b706bef3 - sophia::parsers::nt::test::w3c_test_suite::do_test_suite::h785f8424a4b657f6
Dec 02 16:08:42.913 INFO [stdout]                                at src/parsers/nt.rs:509
Dec 02 16:08:42.913 INFO [stdout]    7:     0x55d7b706bc6d - sophia::parsers::nt::test::w3c_test_suite::h6fb1f7e1065e98b2
Dec 02 16:08:42.913 INFO [stdout]                                at src/parsers/nt.rs:529
Dec 02 16:08:42.913 INFO [stdout]    8:     0x55d7b706bc49 - sophia::parsers::nt::test::w3c_test_suite::{{closure}}::h8449e8c5edab597b
Dec 02 16:08:42.913 INFO [stdout]                                at src/parsers/nt.rs:503
Dec 02 16:08:42.913 INFO [stdout]    9:     0x55d7b711ab7d - core::ops::function::FnOnce::call_once::he492f3867897a337
Dec 02 16:08:42.913 INFO [stdout]                                at libcore/ops/function.rs:238
Dec 02 16:08:42.913 INFO [stdout]   10:     0x55d7b71e1d3e - <F as alloc::boxed::FnBox<A>>::call_box::hac903f91577a156c
Dec 02 16:08:42.913 INFO [stdout]                                at libtest/lib.rs:1468
Dec 02 16:08:42.913 INFO [stdout]                                at libcore/ops/function.rs:238
Dec 02 16:08:42.913 INFO [stdout]                                at liballoc/boxed.rs:672
Dec 02 16:08:42.913 INFO [stdout]   11:     0x55d7b74467b9 - __rust_maybe_catch_panic
Dec 02 16:08:42.913 INFO [stdout]                                at libpanic_unwind/lib.rs:102
Dec 02 16:08:42.913 INFO [stdout]   12:     0x55d7b7203992 - std::sys_common::backtrace::__rust_begin_short_backtrace::hb8f0d0309526c184
Dec 02 16:08:42.913 INFO [stdout]                                at libstd/panicking.rs:289
Dec 02 16:08:42.913 INFO [stdout]                                at libstd/panic.rs:392
Dec 02 16:08:42.913 INFO [stdout]                                at libtest/lib.rs:1423
Dec 02 16:08:42.913 INFO [stdout]                                at libstd/sys_common/backtrace.rs:136
Dec 02 16:08:42.913 INFO [stdout]   13:     0x55d7b7204444 - std::panicking::try::do_call::hc2f7c8b9a348d8db
Dec 02 16:08:42.913 INFO [stdout]                                at libstd/thread/mod.rs:409
Dec 02 16:08:42.913 INFO [stdout]                                at libstd/panic.rs:313
Dec 02 16:08:42.913 INFO [stdout]                                at libstd/panicking.rs:310
Dec 02 16:08:42.913 INFO [stdout]   14:     0x55d7b74467b9 - __rust_maybe_catch_panic
Dec 02 16:08:42.913 INFO [stdout]                                at libpanic_unwind/lib.rs:102
Dec 02 16:08:42.913 INFO [stdout]   15:     0x55d7b71f167c - <F as alloc::boxed::FnBox<A>>::call_box::h6bfded618e480b32
Dec 02 16:08:42.913 INFO [stdout]                                at libstd/panicking.rs:289
Dec 02 16:08:42.913 INFO [stdout]                                at libstd/panic.rs:392
Dec 02 16:08:42.913 INFO [stdout]                                at libstd/thread/mod.rs:408
Dec 02 16:08:42.913 INFO [stdout]                                at liballoc/boxed.rs:672
Dec 02 16:08:42.913 INFO [stdout]   16:     0x55d7b74343cd - std::sys_common::thread::start_thread::h4c28257d67cdf9cb
Dec 02 16:08:42.913 INFO [stdout]                                at liballoc/boxed.rs:682
Dec 02 16:08:42.913 INFO [stdout]                                at libstd/sys_common/thread.rs:24
Dec 02 16:08:42.913 INFO [stdout]   17:     0x55d7b7428f35 - std::sys::unix::thread::Thread::new::thread_start::hfecb2e7eff8fd34f
Dec 02 16:08:42.913 INFO [stdout]                                at libstd/sys/unix/thread.rs:90
Dec 02 16:08:42.913 INFO [stdout]   18:     0x7f8b3b9446b9 - start_thread
Dec 02 16:08:42.913 INFO [stdout]   19:     0x7f8b3b46441c - clone
Dec 02 16:08:42.913 INFO [stdout]   20:                0x0 - <unknown>
Dec 02 16:08:42.913 INFO [stdout] 
Dec 02 16:08:42.913 INFO [stdout] ---- parsers::nt::test::w3c_test_suite_generalized stdout ----
Dec 02 16:08:42.913 INFO [stdout] thread 'parsers::nt::test::w3c_test_suite_generalized' panicked at 'rdf-tests not found, can not check W3C test-suite', src/parsers/nt.rs:539:17
Dec 02 16:08:42.913 INFO [stdout] stack backtrace:
Dec 02 16:08:42.913 INFO [stdout]    0:     0x55d7b743271f - std::sys::unix::backtrace::tracing::imp::unwind_backtrace::h3a8b83e1922cbdde
Dec 02 16:08:42.913 INFO [stdout]                                at libstd/sys/unix/backtrace/tracing/gcc_s.rs:49
Dec 02 16:08:42.913 INFO [stdout]    1:     0x55d7b743b807 - std::sys_common::backtrace::print::h00d3155a29b4020f
Dec 02 16:08:42.913 INFO [stdout]                                at libstd/sys_common/backtrace.rs:71
Dec 02 16:08:42.913 INFO [stdout]                                at libstd/sys_common/backtrace.rs:59
Dec 02 16:08:42.913 INFO [stdout]    2:     0x55d7b74364ef - std::panicking::default_hook::{{closure}}::hd7465c742e79e1bb
Dec 02 16:08:42.913 INFO [stdout]                                at libstd/panicking.rs:211
Dec 02 16:08:42.913 INFO [stdout]    3:     0x55d7b74361ee - std::panicking::default_hook::h9e3966f2aa2a6e12
Dec 02 16:08:42.913 INFO [stdout]                                at libstd/panicking.rs:221
Dec 02 16:08:42.913 INFO [stdout]    4:     0x55d7b7436bce - std::panicking::rust_panic_with_hook::h587f091ae747d080
Dec 02 16:08:42.913 INFO [stdout]                                at libstd/panicking.rs:476
Dec 02 16:08:42.913 INFO [stdout]    5:     0x55d7b740b567 - std::panicking::begin_panic::h268258cb44f94ef4
Dec 02 16:08:42.913 INFO [stdout]                                at libstd/panicking.rs:410
Dec 02 16:08:42.913 INFO [stdout]    6:     0x55d7b706d0c3 - sophia::parsers::nt::test::w3c_test_suite_generalized::do_test_suite::h7f87f96b07f181d6
Dec 02 16:08:42.913 INFO [stdout]                                at src/parsers/nt.rs:539
Dec 02 16:08:42.913 INFO [stdout]    7:     0x55d7b706ce3d - sophia::parsers::nt::test::w3c_test_suite_generalized::h379a38bdf3028052
Dec 02 16:08:42.913 INFO [stdout]                                at src/parsers/nt.rs:557
Dec 02 16:08:42.913 INFO [stdout]    8:     0x55d7b706ce19 - sophia::parsers::nt::test::w3c_test_suite_generalized::{{closure}}::h82d5b9512b6eb848
Dec 02 16:08:42.913 INFO [stdout]                                at src/parsers/nt.rs:533
Dec 02 16:08:42.913 INFO [stdout]    9:     0x55d7b711638d - core::ops::function::FnOnce::call_once::h0ea84ac4ce384cf0
Dec 02 16:08:42.913 INFO [stdout]                                at libcore/ops/function.rs:238
Dec 02 16:08:42.913 INFO [stdout]   10:     0x55d7b71e1d3e - <F as alloc::boxed::FnBox<A>>::call_box::hac903f91577a156c
Dec 02 16:08:42.913 INFO [stdout]                                at libtest/lib.rs:1468
Dec 02 16:08:42.913 INFO [stdout]                                at libcore/ops/function.rs:238
Dec 02 16:08:42.913 INFO [stdout]                                at liballoc/boxed.rs:672
Dec 02 16:08:42.913 INFO [stdout]   11:     0x55d7b74467b9 - __rust_maybe_catch_panic
Dec 02 16:08:42.913 INFO [stdout]                                at libpanic_unwind/lib.rs:102
Dec 02 16:08:42.913 INFO [stdout]   12:     0x55d7b7203992 - std::sys_common::backtrace::__rust_begin_short_backtrace::hb8f0d0309526c184
Dec 02 16:08:42.913 INFO [stdout]                                at libstd/panicking.rs:289
Dec 02 16:08:42.913 INFO [stdout]                                at libstd/panic.rs:392
Dec 02 16:08:42.913 INFO [stdout]                                at libtest/lib.rs:1423
Dec 02 16:08:42.914 INFO [stdout]                                at libstd/sys_common/backtrace.rs:136
Dec 02 16:08:42.914 INFO [stdout]   13:     0x55d7b7204444 - std::panicking::try::do_call::hc2f7c8b9a348d8db
Dec 02 16:08:42.914 INFO [stdout]                                at libstd/thread/mod.rs:409
Dec 02 16:08:42.914 INFO [stdout]                                at libstd/panic.rs:313
Dec 02 16:08:42.914 INFO [stdout]                                at libstd/panicking.rs:310
Dec 02 16:08:42.914 INFO [stdout]   14:     0x55d7b74467b9 - __rust_maybe_catch_panic
Dec 02 16:08:42.914 INFO [stdout]                                at libpanic_unwind/lib.rs:102
Dec 02 16:08:42.914 INFO [stdout]   15:     0x55d7b71f167c - <F as alloc::boxed::FnBox<A>>::call_box::h6bfded618e480b32
Dec 02 16:08:42.914 INFO [stdout]                                at libstd/panicking.rs:289
Dec 02 16:08:42.914 INFO [stdout]                                at libstd/panic.rs:392
Dec 02 16:08:42.914 INFO [stdout]                                at libstd/thread/mod.rs:408
Dec 02 16:08:42.914 INFO [stdout]                                at liballoc/boxed.rs:672
Dec 02 16:08:42.914 INFO [stdout]   16:     0x55d7b74343cd - std::sys_common::thread::start_thread::h4c28257d67cdf9cb
Dec 02 16:08:42.914 INFO [stdout]                                at liballoc/boxed.rs:682
Dec 02 16:08:42.914 INFO [stdout]                                at libstd/sys_common/thread.rs:24
Dec 02 16:08:42.914 INFO [stdout]   17:     0x55d7b7428f35 - std::sys::unix::thread::Thread::new::thread_start::hfecb2e7eff8fd34f
Dec 02 16:08:42.914 INFO [stdout]                                at libstd/sys/unix/thread.rs:90
Dec 02 16:08:42.914 INFO [stdout]   18:     0x7f8b3b9446b9 - start_thread
Dec 02 16:08:42.914 INFO [stdout]   19:     0x7f8b3b46441c - clone
Dec 02 16:08:42.914 INFO [stdout]   20:                0x0 - <unknown>
Dec 02 16:08:42.914 INFO [stdout] 
Dec 02 16:08:42.914 INFO [stdout] 
Dec 02 16:08:42.914 INFO [stdout] failures:
Dec 02 16:08:42.914 INFO [stdout]     parsers::nt::test::w3c_test_suite
Dec 02 16:08:42.914 INFO [stdout]     parsers::nt::test::w3c_test_suite_generalized
Dec 02 16:08:42.914 INFO [stdout] 
Dec 02 16:08:42.914 INFO [stdout] test result: FAILED. 130 passed; 2 failed; 0 ignored; 0 measured; 0 filtered out
Dec 02 16:08:42.914 INFO [stdout] 
Dec 02 16:08:42.916 INFO [stderr] error: test failed, to rerun pass '--lib'
Dec 02 16:08:42.926 INFO [stderr] su: No module specific data is present
Dec 02 16:08:43.721 INFO running `"docker" "inspect" "19664ffb173e84be7d74b1b21b338803c5f7893492fd94fe2d7244f395c92abc"`
Dec 02 16:08:43.984 INFO running `"docker" "rm" "-f" "19664ffb173e84be7d74b1b21b338803c5f7893492fd94fe2d7244f395c92abc"`
Dec 02 16:08:44.215 INFO [stdout] 19664ffb173e84be7d74b1b21b338803c5f7893492fd94fe2d7244f395c92abc
